et a(v) = 5*m(v) + n(v). What is the tens digit of a(4)?
0
Let s = 37353 - 25981. What is the hundreds digit of s?
3
Suppose 46*l - 1045 = 38469. What is the tens digit of l - (-1 - -2 - (1 + -4))?
5
What is the hundreds digit of -10 - (-2 + -1437 + 11 + -21)?
4
Let q(s) = 16*s**2 - 14*s + 24. Let u be 1 + 1 + -6 + -1. What is the hundreds digit of q(u)?
4
Suppose -6*x + 15 = -3*x, -2*r - 55 = -5*x. Let i(t) = -t**3 - 14*t**2 + 7*t + 2. Let a be i(r). Let w = 187 - a. What is the tens digit of w?
6
Suppose 817*p = 790*p + 123768. What is the units digit of p?
4
What is the thousands digit of (2/19 - (-366)/(-3477)) + (-1 - -11731)?
1
Let z = -6128 + 13486. What is the thousands digit of z?
7
Let m = 129500 + -84129. What is the tens digit of m?
7
Let s(x) = -x**2 + 11*x - 12. Let l be s(8). Let y be (1996/(-16) - 2) + l/16. Let c = y - -279. What is the hundreds digit of c?
1
Suppose -145*p + 259011 = -70*p - 71214. What is the hundreds digit of p?
4
Let d = -3024 - -10298. What is the tens digit of d?
7
Let m(u) be the first derivative of -u**2/2 + 21*u - 7. Let k be m(17). Suppose 0*h + 2*h = k*r + 6, 5*h - 4*r - 21 = 0. What is the units digit of h?
5
Let s = 6226 + 3209. What is the hundreds digit of s?
4
What is the hundreds digit of ((80/(-600))/((-4)/30))/((-2)/(-21418))?
7
Let m = -268 - 432. Let f = m - -1270. Suppose 0 = -4*h + i + f, 5*h = -0*h + 2*i + 711. What is the units digit of h?
3
Suppose -2*u - 77 = -c, -214 = -5*c - 2*u + 147. Suppose -c*p = -68*p - 2775. What is the tens digit of p?
5
Suppose 93*o - 32*o + 32*o - 1347756 = 0. What is the ten thousands digit of o?
1
Let c(r) = -9*r**3 - 13*r**2 + 21*r - 7. What is the hundreds digit of c(-11)?
1
Let i = 3239 - 621. What is the thousands digit of i?
2
Let i be (0 - -1)/4*(7 + -35). What is the tens digit of 28/i - -587 - 1?
8
Let f(j) = 10*j - j**2 + 39*j + 42 - 81 + 8*j. What is the hundreds digit of f(23)?
7
Let a = 20478 - 5352. What is the tens digit of a?
2
Let r(l) = -121*l + 58. Suppose 0 = 2*w + i + 8, -2*i + 5*i = 2*w + 8. What is the units digit of r(w)?
2
Let y be 2 - (-1 + 0 + 3). Let p(g) be the second derivative of -g**5/20 + g**3/6 + 18*g**2 + 121*g. What is the tens digit of p(y)?
3
Let a(n) = n**3 - 7*n**2 - 10*n + 9. Let v be a(8). Let o(m) = 6*m**2 - m + 9. Let r be o(v). Suppose -c + 6*c - r = 0. What is the units digit of c?
2
Let t(x) = -8*x**3 - 4*x**2 + 11*x + 8. Let n be -4 - (7 + 1)/4. What is the thousands digit of t(n)?
1
Let k(o) = -o**2 + 367*o + 3. Let z be k(18). Suppose 6*s - 1731 = z. What is the hundreds digit of s?
3
Let a = -654 + 651. What is the tens digit of (6147/(-6))/a + 5/10?
4
Suppose 2*p = 4*g - 67484, 59940 = 3*g + p + 9322. What is the hundreds digit of g?
8
Let g(t) = 83*t + 18. Let x be (-11)/(-77) + (0 - 40/(-14)). What is the tens digit of g(x)?
6
Let k(t) = -119*t - 1839. What is the units digit of k(-57)?
4
Let f(o) = -4*o**3 - 23*o**2 - 57*o + 212. What is the ten thousands digit of f(-19)?
2
Let f(u) be the first derivative of 13*u**2/2 + 29*u - 40. What is the units digit of f(3)?
8
Let b = -123861 - -195153. What is the units digit of b?
2
Suppose 49*m - 122800 = 9*m. Let y = m - 1742. What is the hundreds digit of y?
3
Let g = 223 - -82. Let p = -45 + g. Let w = p - 41. What is the units digit of w?
9
Let m = 63 - 60. Suppose -8*c + 7*c + 491 = 5*x, -4*x + 1517 = m*c. What is the tens digit of c?
1
Let m(a) = 12*a - 44. Let d be m(5). What is the hundreds digit of (4/d)/((-3)/(-7164))?
5
Let k = 2120 + -2480. Let x = 252 + -452. Let m = x - k. What is the hundreds digit of m?
1
Let d(w) = 4 + 29*w + 10*w - 15*w + 143. What is the hundreds digit of d(38)?
0
Let g = -425 + 467. What is the units digit of (3/(-4))/(g/(-33824))?
4
Suppose 0 = -6*d + 3*d + 4*m - 1, 3*d = m + 11. Suppose 2*k = -f + 71, -3*k - d*f = -0*f - 103. What is the units digit of (-20)/(-2)*k/30?
2
Let c(l) = -4*l + 10*l + l**2 + 2 + 25*l**3 - 23*l**3 - 9*l**2. Let j be c(3). Suppose -3*p + 98 = p + j*o, 0 = 2*p + 3*o - 39. What is the tens digit of p?
2
Suppose 0 = 3*w - l - 64, 0*l + 4 = -4*l. Let h be 1695/(w/18*-3 - -2). What is the hundreds digit of (-3)/((-6)/8)*h/(-20)?
2
Let d(c) be the second derivative of 257*c**4/12 - 5*c**3/6 - 105*c. What is the tens digit of d(2)?
1
What is the thousands digit of 13177*(4 - 1 - 1)/2?
3
Let w(q) = 903*q**3 + 5*q**2 + 12*q - 28. What is the units digit of w(3)?
4
Suppose 38*y = 35*y + 90. Suppose -y = 26*b - 31*b. Suppose -4*z - b*z + 1610 = 0. What is the tens digit of z?
6
Suppose 0 = -x + 3 + 2. Suppose -6 = 3*a + x*v, 4 = 2*a - 5*v + 33. Let m(b) = -20*b + 23. What is the hundreds digit of m(a)?
1
Let y(i) = -3*i**3 - i**2 + i + 1. Let b be y(-1). Suppose b = q - 1. Suppose -4*r = -q*u - 628, -5*r + 5*u - 2*u = -788. What is the hundreds digit of r?
1
Suppose -2*f - 358 = 970. Let d = -428 - f. What is the hundreds digit of d?
2
Let q(z) be the first derivative of -2*z**2 - 5. Let h be (252/(-15))/(-3)*(-25)/10. What is the tens digit of q(h)?
5
Let b be ((-8)/(-20))/((-5)/100). What is the units digit of (-2)/b + (-44720)/(-64)?
9
Let c be 1/((-3)/9) - 12. Let a(j) = j**3 + 15*j**2 - j + 1. Let x be a(-15). Let w = c + x. What is the units digit of w?
1
Let o(u) = 2*u**2 - 6*u + 6. Let d be o(3). Suppose 0 = 3*x - 2*x - d. Let j(h) = h**3 - 5*h**2 + 2*h + 10. What is the units digit of j(x)?
8
Suppose 0 = 5*y + 5*x - 3*x + 12, 0 = -2*y + 3*x - 1. Let q be (-432 + -4)*y/((-16)/(-14)). Suppose 210 - q = -7*c. What is the tens digit of c?
7
Suppose t - 3*r = 42117, -2*t + 12*r - 18*r = -84222. What is the tens digit of t?
1
What is the thousands digit of 13/(-65)*55 + 7497?
7
Suppose -4*t = 7*t - 187. Suppose -12*v + 31 + t = 0. Suppose k + v*k - 675 = 0. What is the units digit of k?
5
Let v = -267 - -259. What is the units digit of ((-44)/v - 1)*(1 + 37)?
1
Suppose 3*l - 14 = 2*b, 0 = -4*l + 2*b + 13 + 5. Let v be l/((-24)/(-27))*2/3. What is the units digit of 5*((-169)/(-5) + v)?
4
Suppose 2*u = -3*u + 15. Suppose 3*g - 3*q = 141, -g - 6*q + u*q + 39 = 0. What is the units digit of g?
5
Suppose o = 4*s - 158118 + 502, 0 = 3*s - 4*o - 118238. What is the tens digit of s?
0
Let p(k) = 50*k + 0*k**2 - 64*k - k**2 - 5. Let y be p(-13). Suppose -4*f + y = 0, 0 = 2*m + 5*f + 74 - 304. What is the hundreds digit of m?
1
What is the tens digit of 8/(-19 + 15) + 14354?
5
Suppose 63*m = 364*m - 22072631. What is the hundreds digit of m?
3
Suppose 141480 = 26*b + 2536. What is the hundreds digit of b?
3
Suppose -l = -3*d + 24335, -d + 8114 = 4*l - 2*l. What is the units digit of d?
2
Suppose n + 74 = 4. Let h = 72 + n. What is the hundreds digit of 1*h*(-1002)/(-12)?
1
Suppose -6*i + 4*s = -7*i + 12763, 2*i - 5*s - 25513 = 0. What is the thousands digit of i?
2
Let g = 167 - 163. Suppose g*l = -8*l + 4056. What is the hundreds digit of l?
3
What is the tens digit of (3 - 3/(-4))/((-2)/(-2*4036))?
3
Let c be ((-10)/(-3))/((-32)/(-48)). Suppose 4*d + f - 1040 = 0, -2*f = -c*d + f + 1283. Suppose m + 3*t - 65 = 11, 3*t - d = -4*m. What is the tens digit of m?
6
Suppose 0 = -r - r + 3*l + 12, -3*r + 20 = -5*l. Suppose 0*v - 3*v = -3*a + 75, r = 4*a + 4*v - 68. What is the tens digit of a?
2
Let y = 16 - -30. Suppose d - 512 = y. What is the units digit of d/8 - (-1)/8*2?
0
Let s(k) = 3913*k - 390. Let t(p) = 170*p - 17. Let a(b) = -4*s(b) + 91*t(b). What is the hundreds digit of a(-5)?
9
Let p(s) = -17*s - 90. Let w be p(-5). Let t(j) = -386*j - 183. What is the thousands digit of t(w)?
1
Suppose -13693 = -14*v + 15273. What is the tens digit of v?
6
Let n(r) = -r**2 + 10*r + 17. Let h be 1/(-1) - -1*(8 + -1). Suppose h = -c + 16. What is the units digit of n(c)?
7
Let j(a) = -4*a**3 - 2*a**2 + 2*a - 1. Let p(x) = -4*x - 15. Let m be ((-21)/14*1*-4)/(-2). Let w be p(m). What is the tens digit of j(w)?
8
Let a(n) = -126*n**2 - 2*n + 7. Let z be a(2). Let o = z - -921. What is the units digit of o?
0
Let u = 2135 - -861. What is the thousands digit of u?
2
Let i = -44 - -75. Let t = -27 + i. Let r(m) = 12*m + 12. What is the units digit of r(t)?
0
Suppose -2*m + 3027 = 4*c - 203, -28 = 4*c. What is the hundreds digit of m?
6
Let h(n) = 3 + 28*n**2 - 26 + 39*n + 58 + n**3 - 4. What is the hundreds digit of h(-